((-6)/(-4))/(-3 - (-213)/70) is divided by q(j)?
9
Suppose 5*j = 4*q - 30 - 15, j = -4*q + 15. Suppose -q*h + 45 = -3*t + t, 3*t - 15 = 0. What is the remainder when 31 is divided by h?
9
Let z = -378 - -466. What is the remainder when z is divided by 48?
40
Suppose 4*h + 26 = 3*r, 3*h + 19 = 3*r - r. Suppose 3*w - 3*i - 6 = 138, -r*w + 76 = 3*i. Calculate the remainder when w is divided by 9/(-36)*-12 + 0 + 13.
12
What is the remainder when -3*(23/(-69) - 86/6) is divided by 16?
12
Calculate the remainder when 100 is divided by -12 + 12/(12/89).
23
Suppose -2*t = -a - 53, -5*a - 7*t + 8*t = 247. Let x = a - -138. What is the remainder when x is divided by 231/15 + (-4)/10?
14
Suppose 11*s - 1333 = -32*s. Calculate the remainder when 151 is divided by s.
27
Calculate the remainder when (-189)/27 + 770 + -1 is divided by 51.
48
Let g(j) = j**3 - 7*j**2 + 8*j + 2. Let o be g(6). Let z = o + 56. Calculate the remainder when z is divided by 12.
10
Let o = 4 - 2. Let f = 1823 + -1821. What is the remainder when f is divided by o?
0
Let s(v) = -2*v**3 - 2*v**2 + v + 62. What is the remainder when 167 is divided by s(0)?
43
Let p(t) = 7*t. Let s(q) be the third derivative of q**4/24 + 3*q**3/2 - 10*q**2. Let m be s(-8). What is the remainder when 10 is divided by p(m)?
3
Suppose 0 = -3*x + 2*r - 87, -6*r - 12 = x - r. What is the remainder when 7 is divided by (-141)/x + 4/(-18)?
2
Let d be (-117)/(-4) - (-1)/(-4). Let i = d - 25. Calculate the remainder when i is divided by 1.
0
Suppose 31*m + 455 = 1788. Calculate the remainder when 125 is divided by m.
39
Calculate the remainder when 181 is divided by 68 + (-30)/(-9)*39/(-26).
55
Let t(x) = 13*x**2 - 2*x + 9. What is the remainder when 53 is divided by t(0)?
8
Let w(t) = 4*t - 5*t + 3*t. Let i(z) = 2*z**2 - 11. Calculate the remainder when i(-5) is divided by w(5).
9
Calculate the remainder when -3 + 3 + 57 + -2 + -3 is divided by 19.
14
Let f = 1756 - 1698. What is the remainder when f is divided by (-162)/(-9) + -1 + 3?
18
Suppose -5113 = -43*n + 7099. Calculate the remainder when n is divided by 48.
44
Calculate the remainder when (4404/30 + 4)/(4/10) is divided by 18.
17
Let b(q) = q**3 + 8*q**2 - 3*q - 19. Let x be b(-8). Suppose x*t - 9 = 2*t. What is the remainder when 12 is divided by t?
0
Let l(n) = -n**2 + 21*n + 45. Let v be l(22). Suppose 4*t = -h + 81, 3*t - 5*t + 3*h + v = 0. What is the remainder when t is divided by 11?
8
Suppose 4*j = -r + 432, -2*j - 108 = -3*j - r. What is the remainder when j is divided by 11?
9
Let g(v) = v**3 - 6*v**2 - 6*v - 4. Suppose -3*d + 13 + 8 = 0. Suppose n = -5*i + 8, 5*i = 3*n + 2*n - 40. What is the remainder when n is divided by g(d)?
2
Suppose -5*t = 6*d - d - 125, t - 28 = -2*d. Let g = -1683 - -1747. Calculate the remainder when g is divided by t.
20
Let y be (-14)/(-35) - 23/(-5). Let v(s) = -s - s + 6*s + y. What is the remainder when v(9) is divided by 14?
13
Let m(c) = c - 4. Suppose -2*u + 10 = -8. Let s be m(u). Suppose -12 = -7*h + s*h. What is the remainder when 27 is divided by h?
3
Let m(x) = 38*x**3 + x**2 - 4*x - 2. Let p(y) = -37*y**3 + 3*y + 1. Let v(g) = 2*m(g) + 3*p(g). What is the remainder when v(-1) is divided by 18?
17
Suppose 4*u - 31 - 3 = -5*m, 5*u - m - 57 = 0. Suppose 4*k - p = -0*k + 124, 0 = 3*p. Calculate the remainder when k is divided by u.
9
Let f(i) = -3*i**2 - 18*i - 21. Let s(g) = -g**2 + 1. Let b(k) = f(k) - 4*s(k). Calculate the remainder when 87 is divided by b(20).
12
Suppose 4*x - 560 = -9*w + 5*w, -25 = 5*w. Calculate the remainder when 148 is divided by x.
3
Suppose -5*h - 53 + 103 = 0. What is the remainder when 196 is divided by h?
6
Suppose 0 = -3*t - v + 6*v + 106, -t = 2*v - 50. Let o be (t/4)/((-21)/28). Let d = 45 - o. Calculate the remainder when d is divided by 12.
11
Suppose 2*f = 5*d + 262, 3*d = f + 51 - 181. Suppose 6*l + f = 4*t + 3*l, 2*l = 0. Calculate the remainder when t is divided by 12.
10
Let f(t) = t**3 - 2*t - 2. Let c be f(2). Suppose -3*r - 9 = -2*r. Let v = c - r. Calculate the remainder when v is divided by 6.
5
Let y(c) = 2*c. Let o be y(5). Suppose -o*s - 60 = -15*s. Calculate the remainder when 23 is divided by s.
11
Let z be (-4)/(3 - 160/54). Let n = z - -176. Let s(f) = -f**3 - 28*f**2 - 24*f + 104. What is the remainder when n is divided by s(-27)?
22
Suppose 3*a = 2*a + 52. Let w = 66 - a. Calculate the remainder when 27 is divided by w.
13
Let p = 56 + 13. Calculate the remainder when p is divided by 35.
34
Let n(g) = -g**2 + 15*g + 22. Let m be n(13). Suppose 6*a - 90 = m. Calculate the remainder when a is divided by 13.
10
Let b(s) = s**2 - 21*s + 146. What is the remainder when b(11) is divided by 22?
14
Let a(y) be the third derivative of y**5/60 - 3*y**4/8 + 3*y**3 + 22*y**2. Let u(q) = 2*q - 9. What is the remainder when a(8) is divided by u(6)?
1
Suppose 0*v - 8 = -v. Suppose -v*q + 12*q = 44. Calculate the remainder when 43 is divided by q.
10
Calculate the remainder when 10692/42 + (-9)/(-21) is divided by 77.
24
Let y(m) = m**3 + 21*m**2 + 23*m + 99. What is the remainder when y(-20) is divided by 7?
4
Suppose 5*x - 132 = 2*k, -2*x + 2*k = -35 - 19. What is the remainder when 102 is divided by x?
24
Let r be (6 - 2) + (129 - 0). Suppose 4*q = -3*p - 49 - 80, -4*q + p - r = 0. Let x = 51 + q. Calculate the remainder when 71 is divided by x.
17
Suppose -4*z + 24 = -j + 33, -35 = -3*j + 4*z. Calculate the remainder when 66 is divided by j.
1
What is the remainder when ((-12)/8 - 0)*-34 is divided by 4?
3
Suppose 5*q - 35 = -5*n + 4*n, -1 = 3*q + 5*n. Calculate the remainder when 26 is divided by q.
2
Suppose 26*l + 168 = 28*l. Calculate the remainder when l is divided by 22.
18
Let p = 14 + -11. Suppose -g = p*k - 10, 0*k + 2 = 3*k - g. Suppose -3*i + k*i = -56. What is the remainder when i is divided by 20?
16
Let k = 27 - 15. What is the remainder when 52 is divided by (k/20)/((-2)/(-90))?
25
Let c(i) = 18*i - 633. What is the remainder when 167 is divided by c(38)?
14
Let k(h) = -8*h + 0*h - 8*h + 17*h + 12*h**2 + 2. What is the remainder when k(-1) is divided by 8?
5
Calculate the remainder when ((-3893)/(-51) - -3)/(2/3) is divided by 6.
5
Suppose -4*i = -2*y - 96, 3*i - 3*y = 66 + 9. Suppose -2*q - 2*c + 12 = -c, -2*c = q. What is the remainder when i is divided by q?
7
Let a = -7 - -184. Calculate the remainder when a is divided by 27*(1 + -11)*(-1)/6.
42
Suppose -222 - 226 = -7*t. What is the remainder when t is divided by 24?
16
Suppose -y - y = -5*q - 6, 3*y = -q + 9. Suppose 0 = -o + 4*o - 45. Calculate the remainder when (y/(-4))/(1/(-76)) is divided by o.
12
Suppose -8*i = -6*i + 2*i. Suppose i = 2*x - 32 + 12. Let t(a) = a + 1. What is the remainder when x is divided by t(5)?
4
Let c(d) = -d**3 + 34*d**2 - 40*d + 261. Calculate the remainder when 264 is divided by c(33).
24
Let g(c) = -4*c - 98. What is the remainder when 117 is divided by g(-32)?
27
Suppose 20*f - 7 = -4*s + 17*f, -9 = -4*s - 5*f. Calculate the remainder when 22 is divided by s.
0
Let j(f) = -f**3 + 9*f**2 + 9*f + 2. Let r be j(10). Calculate the remainder when 27 is divided by ((-3)/(-3)*-3)/(r/16).
3
Suppose -5*z - 3*v + 186 = 31, 2*z + 5*v - 81 = 0. What is the remainder when 52 is divided by z?
24
Let s = -7 + 7. Suppose -3*d + 2*p + 53 = s, 2*d + 0*p = 2*p + 38. Suppose 5*k + 3 = -12, -3*g + d = 3*k. Calculate the remainder when g is divided by 4.
0
Suppose 6*l - 10*l + 152 = 0. Let u = l + 39. What is the remainder when u is divided by 20?
17
Suppose 0 = 5*q - 2*q + 9. Let d = q + 2. What is the remainder when 1*3/d*-19 is divided by 20?
17
Calculate the remainder when (-1 - 0)*(4 + -37 - 2) is divided by 21.
14
Let b(m) = m**2 - 31*m + 172. What is the remainder when b(6) is divided by (-1)/(((-1)/12)/1)?
10
Suppose -2*l = v - 3*l + 15, -2*v - l = 36. Calculate the remainder when (-2)/((2/2)/v) is divided by -1*2/2 + 22 + -14.
6
Let a(d) = d**2 - d - 1. What is the remainder when a(-7) is divided by 28?
27
Let j(a) be the first derivative of -1/4*a**4 + 3*a**2 - 1/3*a**3 - 4 + a. What is the remainder when j(-5) is divided by 24?
23
Suppose 3*d = 5 + 1. Suppose -4*w + d*w + 102 = 0. Suppose 0*r - 2*b - 34 = -2*r, 4*r + 3*b - 40 = 0. What is the remainder when w is divi